86*k - 34520 = -2*o - 387*k. What is the ten thousands digit of o?
1
Let t(x) = 4*x**3 + 140*x**2 - 113*x + 150. What is the ten thousands digit of t(-33)?
1
Let y be (-2)/4*-2536 - (-9)/9. Let x = y - 789. What is the units digit of x?
0
Let p = 196 - 157. Let t = 163 - p. What is the tens digit of t?
2
Let s(w) = -53*w**2 + 3946*w - 11. What is the thousands digit of s(41)?
2
Let k(q) = -2*q**3 - 1. Let i(n) = -7*n**3 - n**2 - 22. Let b(x) = -i(x) + 4*k(x). Suppose 0*p - 3*p = 0. What is the units digit of b(p)?
8
What is the tens digit of (-10376)/(-12) + ((-1)/3)/(1/(-4))?
6
Suppose -1124 - 816 = -10*j. Let t = 545 - j. What is the hundreds digit of t?
3
Let p be (0 - (-9)/(-2))*-50. Let n(s) = s**2 - 60. Let f be n(8). Suppose -1 + p = f*y. What is the units digit of y?
6
Suppose 3*b = x + 2 + 8, -2*b - 5*x - 16 = 0. Suppose 199 = 3*l - b*v, -2*l - 6*v + 134 = -7*v. What is the units digit of l?
9
Let k(s) = -s**3 + 7*s**2 + 7*s + 12. Let i be k(8). Suppose i*h - 3*j - 4719 = -40, -4*j - 2342 = -2*h. What is the tens digit of h?
6
What is the tens digit of 5552744/1020 + 2/15?
4
Let k(n) = n + 22. Let f be k(-19). What is the tens digit of (f - (-32)/(-6))/((-3)/459)?
5
Suppose 0*x + 5*x - 1610 = 0. Let y(o) = -38*o**2 - 15*o + 17. Let r be y(2). Let n = x + r. What is the units digit of n?
7
Suppose 3*y + 2*h - 12 = 5*h, 4*h = -y + 4. Suppose 0 = -5*i - s - 460, 475 = 3*i - 8*i - y*s. Let n = i + 130. What is the units digit of n?
9
What is the hundreds digit of -68*(-11)/((-396)/(-3681))?
9
Suppose -3*g = 65 + 10. Let b = g + 29. Suppose b*d - 6*d - 666 = -4*c, 5*c + 5*d = 870. What is the units digit of c?
9
What is the thousands digit of 7/((-35)/575)*-1*573/5?
3
Let s be 3/((-4)/(-16)*2). Suppose -s = 3*x - 3*y, x - 4*x = -4*y + 8. Suppose x = 2*z - 0*z - 560. What is the hundreds digit of z?
2
Let q(h) = 5*h - 2. Let o be q(1). Let z(v) = 22*v**3 - 3*v**2 + 9*v - 5. Let r be z(o). Let p = r + -411. What is the tens digit of p?
7
Suppose 0 = -19*s + 14*s - 50. Let n(t) = -t**3 - t**2 - 4*t - 4. Let f be n(-3). Let c = f + s. What is the tens digit of c?
1
Let j(d) = 90*d**2 + 8*d + 16. Suppose 74 - 22 = -13*r. What is the tens digit of j(r)?
2
Suppose -4*s + 5609 = -5299 + 3332. What is the thousands digit of s?
1
Let q(v) = 79*v - 11. Let x be q(1). Let w = 560 + x. What is the tens digit of w?
2
Let g be (25 + -1)/3 - 8/2. Suppose g*z - 1413 = 5*p, 4*p - 1476 = -4*z - 72. What is the hundreds digit of z?
3
Suppose 55*g - 47838 = -12*g. Let i = -690 + g. What is the units digit of i?
4
Let r = 31570 - 7618. Suppose -30*q = -6*q - r. What is the tens digit of q?
9
Let p be ((-3126)/9)/(2 + 160/(-84)). Let c = -2169 - p. What is the thousands digit of c?
1
Suppose j = -3*q + 9947, -35*j = -30*j - 5*q - 49835. What is the hundreds digit of j?
9
Let v(o) be the second derivative of -o**2 + 10*o**3 - 10*o**3 - 3*o - 14*o**3 + 0*o**2. What is the tens digit of v(-1)?
8
Let f(c) = c + 26. Let k be 1/1*(-1 + 4 + -2). Let q be ((-5)/(-15))/(k/42). What is the tens digit of f(q)?
4
Let b(o) = -1 + 48*o**2 + 24*o - 4*o**2 - 4*o**2 - 22*o. Suppose -4 + 8 = 2*l. What is the units digit of b(l)?
3
Let z be (34060/1572)/((-1)/(-3)). Let k = -17 - -53. Let l = z + k. What is the hundreds digit of l?
1
Suppose -721*g + 1305 = -720*g. What is the tens digit of g?
0
Suppose 18 = -0*w + w - 3*p, -w + 17 = -2*p. Suppose -5*f + 5489 = 5*k + 1089, -w = -5*f. What is the units digit of k?
7
Suppose -w + 5306 = -4*p, 2*w + 4*p - 3852 = 6748. What is the tens digit of w?
0
What is the thousands digit of (-9 - 228/(-20))*34350/9?
9
Let r(f) = -f**3 - 17*f**2 - 17*f - 11. Suppose 64 = -0*y - 4*y. What is the units digit of r(y)?
5
Let x(s) = -102 + 19*s**2 + 36 - 22*s + 33 + s**3 + 35. What is the tens digit of x(-20)?
4
Suppose -102*g - 9485 = -107*g. Suppose 5*l - 25 = 0, -3*r - 3*l + 911 + g = 0. What is the hundreds digit of r?
9
Let v be 1645 - (12/(-9) - (-2)/6). Let o = v + -662. What is the units digit of o?
4
Suppose 3*k - 4 = 5*b + 19, 0 = -3*k - 4*b - 13. What is the tens digit of k/(-1) + (150 - (2 + -3))?
5
Suppose 0 = 150*j - 785904 - 787746. What is the tens digit of j?
9
Let j(h) = 3*h**2 - 12*h - 35. Suppose 5*k = 2*i + 46, -32*i + 34*i - 3*k = -42. What is the units digit of j(i)?
3
Suppose v = -14*v - 7710. What is the hundreds digit of -4 + (-1)/(1/v)?
5
Let q(c) = -2*c**2 + 37*c + 63. Let a be q(20). Suppose 3*v = -3*n + 600, -n - 388 = -a*n + 2*v. What is the tens digit of n?
9
Let y(w) = -14*w**2 - 39*w - 3. Let b(o) = -7*o**2 - 18*o - 2. Let d(i) = -9*b(i) + 4*y(i). Let a be (-4)/26 + (-189)/39. What is the units digit of d(a)?
1
Suppose -h + 8 = -3*h. Let m be (0 - 1/(-2))*h. What is the hundreds digit of ((32/6)/m)/((-6)/279)?
1
What is the units digit of ((-131046)/(-4))/((6/(-8))/(-12 - -11))?
2
Suppose 27 = -x + 3*v, -3*x + 3*v - 23 = 28. Let p = 19 - x. Let s = 26 + p. What is the units digit of s?
7
Suppose 0 = 4*s + 16, 8*l - 6609 = s + 37899. What is the thousands digit of l?
5
Suppose 84868 = 5*j - 2*q + 3*q, 3*j - 50928 = -3*q. What is the ten thousands digit of j?
1
Suppose 32294 - 11214 = 10*x. Suppose 23*j + 11*j - x = 0. What is the tens digit of j?
6
Let m = 107 + -104. Suppose 3*a + 318 = 4*h, m*h + 0*a - a = 241. What is the units digit of h?
1
Let f(i) = 1649*i - 646. What is the units digit of f(9)?
5
Suppose -3*n - 64 = -439. Let k be (-208)/(-260) - 2/(-10). Let u = k + n. What is the tens digit of u?
2
Let l(p) be the second derivative of 23*p**4/3 + 7*p**3/3 - 11*p**2 + p - 110. What is the units digit of l(3)?
8
Suppose -2*u - 3 + 9 = 0. Suppose 0 = 4*n + 50*n. Suppose 0 = c + 2*j - 47, -3*c + n*j + u*j + 150 = 0. What is the tens digit of c?
4
Suppose 8433 = 18*y - 29619. Let z = -922 + y. What is the units digit of z?
2
Let y(k) = -21*k + 37. Let n(b) = -4*b - 48. Let u be n(-11). What is the units digit of y(u)?
1
Let b(n) = 171*n**2 - 120*n + 480. What is the tens digit of b(4)?
3
Let r = -1262 + 1898. Suppose -w + 367 = 3*n, -3*w + 441 = n - r. What is the units digit of w?
8
Let b = -107 - -107. Suppose 3*j + 2*z - 4*z - 2437 = b, 4 = z. What is the hundreds digit of j?
8
Let m(u) = -33*u + 5. Let x = -87 + 86. Let n be m(x). Let k = n + 123. What is the tens digit of k?
6
Let u(r) = -r**3 + 13*r**2 + 143*r - 36. What is the units digit of u(-13)?
9
What is the units digit of (4 + 11 - 12) + 6158?
1
What is the hundreds digit of (484/(-5))/((-1)/70)?
7
Let k = 47526 + -28223. What is the ten thousands digit of k?
1
Let p = 69702 + -40012. What is the units digit of p?
0
Let x(q) = -45*q - 2. Let b(j) = -j**3 + 6*j**2 + 2*j - 14. Suppose -2*u - 5*i + 34 = 2*u, 2*i + 14 = 3*u. Let c be b(u). What is the units digit of x(c)?
8
Suppose -200 - 24 = -32*t. Suppose -t*p + 238 = -84. What is the tens digit of p?
4
Suppose -5*m - 28565 = -5*i, -4*m = -64*i + 67*i - 17125. What is the units digit of i?
1
What is the tens digit of 2373/(-28)*33528/(-99)?
0
Let l be 4/(-30) + 4884/180. Suppose l*z + 8157 = 43851. What is the hundreds digit of z?
3
Let g = -23 - -19. Let l(n) = -5*n**3 + 5*n**2 - 4*n - 7. What is the units digit of l(g)?
9
Let x = 112237 - 71096. What is the tens digit of x?
4
Let p(f) = 3160*f + 2787. What is the ten thousands digit of p(25)?
8
Let j(h) = -h - 1. Let s(o) = -5*o**2 + 10*o + 16. Let i(l) = -6*j(l) - s(l). What is the units digit of i(5)?
5
Suppose 4*l + 257 = 73. Let q = l + 628. Suppose q = 5*d - r, -2*r + r - 465 = -4*d. What is the hundreds digit of d?
1
Let m be 86/3 - (16/12)/2. Let h(r) = 23*r - 83. What is the hundreds digit of h(m)?
5
Suppose -9*y + 2*y = -112. Suppose o = -a + 13 - 5, -o = -3*a + y. What is the units digit of (-6)/(-36)*a*1*103?
3
Suppose -b = -18*b + 85. Suppose -b*y = -4*u + 1837, 5*y - 1181 = -3*u + 223. What is the units digit of u?
3
Suppose 3*k = 1874 - 332. Let t = k - 336. What is the hundreds digit of t?
1
Suppose 878*d - 6 = 875*d. Suppose 772 = d*z + 4*a, -z + 5*z + a = 1516. What is the hundreds digit of z?
3
Suppose -2*m = l - 3*m + 48, 2*l + m = -96. Let v = l + 52. Suppose -3*c = 4*o - 25, -c + 13 = v*o - 2*c. What is the units digit of o?
4
Let w(a) = -a**3 - 8*a**2 + 7*a - 22. Let k be w(-9). Let h be (-3)/(-12) + (-11)/k. What is the hun